{"id":814,"date":"2018-05-22T06:07:55","date_gmt":"2018-05-22T06:07:55","guid":{"rendered":"http:\/\/test.svaneklinikken.dk\/?page_id=814"},"modified":"2023-01-28T20:45:57","modified_gmt":"2023-01-28T19:45:57","slug":"privatlivspolitik-tandlaegerne-paa-svaneklinikken","status":"publish","type":"page","link":"https:\/\/svaneklinikken.dk\/index.php\/privatlivspolitik-tandlaegerne-paa-svaneklinikken\/","title":{"rendered":"Privatlivspolitik for Tandl\u00e6gerne p\u00e5 Svaneklinikken"},"content":{"rendered":"<p><span style=\"font-weight: 400;\">K\u00e6re Patient<\/span><\/p>\n<p><span style=\"font-weight: 400;\">Nedenfor kan du l\u00e6se klinikkens privatlivspolitik for patientbehandling. <\/span><\/p>\n<p><span style=\"font-weight: 400;\">N\u00e5r du er patient p\u00e5 klinikken, er det n\u00f8dvendigt, at vi registrerer og anvender visse oplysninger om dig.<\/span><\/p>\n<p><span style=\"font-weight: 400;\">Dette har vi pligt til at g\u00f8re efter hhv. autorisationsloven, journalf\u00f8ringsbekendtg\u00f8relsen og sundhedsloven.<\/span><\/p>\n<p><span style=\"font-weight: 400;\">De oplysninger, som vi registrerer og behandler om dig, har vi pligt til at opbevare sikkert, ligesom vi har tavshedspligt. Videregivelse af informationer om dine helbredsm\u00e6ssige forhold kan, hvor det er n\u00f8dvendigt, udveksles internt p\u00e5 klinikken, hvorimod videregivelse af helbredsoplysninger til personer mv. udenfor klinikken som udgangspunkt kun kan ske med dit samtykke, jf. sundhedslovens kapitel 9.<\/span><\/p>\n<p><span style=\"font-weight: 400;\">Visse oplysninger om dig registrerer og anvender vi til brug for afregningsm\u00e6ssige form\u00e5l, hvis dette er n\u00f8dvendigt for at kunne gennemf\u00f8re en betaling for klinikkens behandling af dig, fx via din region, kommune eller et forsikringsselskab. <\/span><\/p>\n<p><span style=\"font-weight: 400;\">Klinikken har pligt til at opbevare din journal, indtil der er g\u00e5et 10 \u00e5r, efter at du har v\u00e6ret i kontakt med klinikken sidste gang. V\u00e6lger du at skifte tandl\u00e6ge, overf\u00f8rer vi din journal til din nye tandl\u00e6ge, som herefter overtager pligten til at opbevare din journal. I s\u00e6rlige tilf\u00e6lde, som er beskrevet i journalf\u00f8ringsbekendtg\u00f8relsen, kan vi opbevare din journal i l\u00e6ngere tid end ovenfor beskrevet. <\/span><\/p>\n<p><span style=\"font-weight: 400;\">Oplysninger om dig, som klinikken opbevarer til brug for afregningsm\u00e6ssige form\u00e5l, opbevarer vi s\u00e5 l\u00e6nge, dette har relevans, og er p\u00e5kr\u00e6vet af hensyn til klinikkens afregning og bogf\u00f8ring. &nbsp;Oplysninger om dig til afregningsform\u00e5l registreres p\u00e5 grundlag af art. 6, stk. 1, litra b og f. <\/span><\/p>\n<p><span style=\"font-weight: 400;\">Du har til enhver tid krav p\u00e5 at f\u00e5 aktindsigt i de oplysninger, som klinikken registrerer og behandler om dig. Hvis du mener, at vi har registreret forkerte oplysninger om dig, kan du bede os om at rette oplysningerne. Vi m\u00e5 ikke slette oplysninger i din journal, men hvis du mener, at der er en fejl i journalen, kan du bede os om at der laves en tilf\u00f8jelse med dine bem\u00e6rkninger.<\/span><\/p>\n<p><span style=\"font-weight: 400;\">Skulle du \u00f8nske at klage over klinikkens behandling af dine personoplysninger, kan du klage til Datatilsynet, som du kan finde n\u00e6rmere oplysninger om p\u00e5 <\/span><a href=\"http:\/\/www.datatilsynet.dk\"><span style=\"font-weight: 400;\">www.datatilsynet.dk<\/span><\/a><span style=\"font-weight: 400;\">. <\/span><\/p>\n<p><span style=\"font-weight: 400;\">Det er Styrelsen for patientsikkerhed, som f\u00f8rer tilsyn med reglerne i sundhedslovgivningen. Du kan finde n\u00e6rmere oplysninger om Styrelsen for Patientsikkerhed p\u00e5 <\/span><a href=\"http:\/\/www.stps.dk\"><span style=\"font-weight: 400;\">www.stps.dk<\/span><\/a><span style=\"font-weight: 400;\">. <\/span><\/p>\n","protected":false},"excerpt":{"rendered":"<p>K\u00e6re Patient Nedenfor kan du l\u00e6se klinikkens privatlivspolitik for patientbehandling. N\u00e5r du er patient p\u00e5 klinikken, er det n\u00f8dvendigt, at vi registrerer og anvender visse oplysninger om dig. Dette har vi pligt til at g\u00f8re efter hhv. autorisationsloven, journalf\u00f8ringsbekendtg\u00f8relsen og sundhedsloven. De oplysninger, som vi registrerer og behandler om dig, har vi pligt til at [&hellip;]<\/p>\n","protected":false},"author":3,"featured_media":0,"parent":0,"menu_order":0,"comment_status":"closed","ping_status":"closed","template":"","meta":{"_mi_skip_tracking":false,"ngg_post_thumbnail":0},"_links":{"self":[{"href":"https:\/\/svaneklinikken.dk\/index.php\/wp-json\/wp\/v2\/pages\/814"}],"collection":[{"href":"https:\/\/svaneklinikken.dk\/index.php\/wp-json\/wp\/v2\/pages"}],"about":[{"href":"https:\/\/svaneklinikken.dk\/index.php\/wp-json\/wp\/v2\/types\/page"}],"author":[{"embeddable":true,"href":"https:\/\/svaneklinikken.dk\/index.php\/wp-json\/wp\/v2\/users\/3"}],"replies":[{"embeddable":true,"href":"https:\/\/svaneklinikken.dk\/index.php\/wp-json\/wp\/v2\/comments?post=814"}],"version-history":[{"count":4,"href":"https:\/\/svaneklinikken.dk\/index.php\/wp-json\/wp\/v2\/pages\/814\/revisions"}],"predecessor-version":[{"id":1116,"href":"https:\/\/svaneklinikken.dk\/index.php\/wp-json\/wp\/v2\/pages\/814\/revisions\/1116"}],"wp:attachment":[{"href":"https:\/\/svaneklinikken.dk\/index.php\/wp-json\/wp\/v2\/media?parent=814"}],"curies":[{"name":"wp","href":"https:\/\/api.w.org\/{rel}","templated":true}]}}