{"id":77,"date":"2013-06-29T10:51:54","date_gmt":"2013-06-29T10:51:54","guid":{"rendered":"http:\/\/svaneklinikken.dk.linux11.curanetserver.dk\/?page_id=77"},"modified":"2017-04-19T11:05:51","modified_gmt":"2017-04-19T11:05:51","slug":"fjernelse-visdomstaender","status":"publish","type":"page","link":"https:\/\/svaneklinikken.dk\/index.php\/behandlinger\/fjernelse-visdomstaender\/","title":{"rendered":"Fjernelse visdomst\u00e6nder"},"content":{"rendered":"<p>Det er ikke alle som har plads til deres visdomst\u00e6nder og de kan give en del gener.&nbsp;Nogen&nbsp;har kun problemer mens tanden er p\u00e5 vej frem, som g\u00e5r over. Andre&nbsp;oplever tilbagevendende gener og en fjernelse kan v\u00e6re l\u00f8sningen.<\/p>\n<p>N\u00e5r en visdomstand skal fjernes, tages der f\u00f8rst et r\u00f8ntgenbillede og derefter tr\u00e6kkes eller opereres tanden ud. Hvis tanden er brudt frem, kan den tr\u00e6kkes ud, men hvis den ikke er brudt frem endnu, skal den opereres ud. Lige meget hvordan tanden fjernes foreg\u00e5r det dog under lokalbed\u00f8velse, s\u00e5 man ikke f\u00f8ler nogen smerte.<\/p>\n","protected":false},"excerpt":{"rendered":"<p>Det er ikke alle som har plads til deres visdomst\u00e6nder og de kan give en del gener.&nbsp;Nogen&nbsp;har kun problemer mens tanden er p\u00e5 vej frem, som g\u00e5r over. Andre&nbsp;oplever tilbagevendende gener og en fjernelse kan v\u00e6re l\u00f8sningen. N\u00e5r en visdomstand skal fjernes, tages der f\u00f8rst et r\u00f8ntgenbillede og derefter tr\u00e6kkes eller opereres tanden ud. Hvis [&hellip;]<\/p>\n","protected":false},"author":3,"featured_media":0,"parent":13,"menu_order":0,"comment_status":"closed","ping_status":"closed","template":"","meta":{"_mi_skip_tracking":false,"ngg_post_thumbnail":0},"_links":{"self":[{"href":"https:\/\/svaneklinikken.dk\/index.php\/wp-json\/wp\/v2\/pages\/77"}],"collection":[{"href":"https:\/\/svaneklinikken.dk\/index.php\/wp-json\/wp\/v2\/pages"}],"about":[{"href":"https:\/\/svaneklinikken.dk\/index.php\/wp-json\/wp\/v2\/types\/page"}],"author":[{"embeddable":true,"href":"https:\/\/svaneklinikken.dk\/index.php\/wp-json\/wp\/v2\/users\/3"}],"replies":[{"embeddable":true,"href":"https:\/\/svaneklinikken.dk\/index.php\/wp-json\/wp\/v2\/comments?post=77"}],"version-history":[{"count":5,"href":"https:\/\/svaneklinikken.dk\/index.php\/wp-json\/wp\/v2\/pages\/77\/revisions"}],"predecessor-version":[{"id":744,"href":"https:\/\/svaneklinikken.dk\/index.php\/wp-json\/wp\/v2\/pages\/77\/revisions\/744"}],"up":[{"embeddable":true,"href":"https:\/\/svaneklinikken.dk\/index.php\/wp-json\/wp\/v2\/pages\/13"}],"wp:attachment":[{"href":"https:\/\/svaneklinikken.dk\/index.php\/wp-json\/wp\/v2\/media?parent=77"}],"curies":[{"name":"wp","href":"https:\/\/api.w.org\/{rel}","templated":true}]}}